2 - 16*k - 6. List the prime factors of n(4).
2, 3, 5, 467
Let x(o) = 18*o**3 - 45*o**2 + 14*o. Let l be x(10). Suppose l = 62*k - 18*k. What are the prime factors of k?
2, 5, 31
Suppose -4*d + 5 = -3. Let q be -2 - ((-22)/d + -3). Suppose -q*k = -593 + 221. What are the prime factors of k?
31
Let i(k) = 613*k - 19. What are the prime factors of i(3)?
2, 5, 7, 13
Let b be (74/(-8))/(((-22)/(-8))/(-11)). Let a = 33 - b. Let z(p) = -2*p**3 - p**2 + 5*p + 4. List the prime factors of z(a).
2, 3
Let g(w) = -w - 7. Let v be g(-2). Let m(d) = 14*d + 15. Let c be m(v). Let t = c + 100. List the prime factors of t.
3, 5
Let v(k) = -95*k + 476. Let r be v(5). Suppose -2*o = -4*z + 146, -5*o = -z - z + 325. What are the prime factors of r*18*o/(-18)?
3, 7
Let v = 335 + 13. Let r = 475 - v. What are the prime factors of r?
127
Suppose 4*p - 31 = -15. Suppose 6*s - p*s - 236 = 0. What are the prime factors of s?
2, 59
Let v be (1 - 1)*(90/27)/10. Suppose v = -s + 4*o + 987, -7*s = -12*s + o + 4878. What are the prime factors of s?
3, 5, 13
Let c = 29600 - 2979. List the prime factors of c.
7, 3803
Let k(x) = 33*x - 30. Let z(j) = 6*j - 21. Let r be z(6). Suppose -r*b - 9 + 114 = 0. What are the prime factors of k(b)?
3, 67
Let s be (0 - 1)/(28/21 + -1). Let k = 233 + s. List the prime factors of k.
2, 5, 23
Suppose -3*b + 3 = 0, 24*r - 5*b = 19*r + 79300. What are the prime factors of r?
3, 17, 311
Suppose -382*k + 88*k - 3925275 = -17959365. List the prime factors of k.
5, 9547
Suppose -56*z - 120*z - 32*z + 3459456 = 0. List the prime factors of z.
2, 3, 7, 11
Let o = 19 + -22. Let d(j) = -j**2 + 11*j - 29. Let u be d(7). List the prime factors of ((-3)/u)/o*-24.
2, 3
Let a(u) = 378*u**2 + 57*u + 590. What are the prime factors of a(-10)?
2, 5, 31, 61
Let n be (80/(-30))/(2/(-33)). Suppose 7*o = -4*o - n. Let a = 16 - o. List the prime factors of a.
2, 5
Let j = -17 + 22. Suppose 5*n - j*h - 86 = n, -82 = -4*n + 3*h. Suppose 0 = -13*r + n*r - 222. List the prime factors of r.
37
List the prime factors of 3377/(1691/(-95) - -18).
5, 11, 307
Let k(t) = -505*t - 28. Let y be k(-2). Suppose 2*n = 5*x - y - 619, x - 316 = -n. What are the prime factors of x?
11, 29
Let r be (-44)/(-2*(-1)/(-6)). Let c = r - -57. List the prime factors of c.
3, 7
Suppose -2*m - m + 23*m - 36700 = 0. List the prime factors of m.
5, 367
Let s = -3314 - -15746. Suppose -8*b - s = -16*b. What are the prime factors of b?
2, 3, 7, 37
Let d = -110346 + 173662. List the prime factors of d.
2, 11, 1439
Suppose 0 = -3*r - 0*r. Suppose -4*x = r, 5*q - 4*x = 3*q + 4. Let k(s) = 17*s**3 - s**2 - 3*s - 1. What are the prime factors of k(q)?
5
Let p(y) = -4*y**3 + 7*y**2 + 2*y + 2. Let x be p(-3). Suppose -5*u = -5*i + 328 + x, -4*u + 114 = i. List the prime factors of i.
2, 3, 17
Suppose -3*t + 28264 = 375*g - 374*g, t - 2 = 0. What are the prime factors of g?
2, 71, 199
Suppose s - 1537 + 153 = 0. Suppose 292 - s = -21*y. What are the prime factors of y?
2, 13
Let x = 147 + -122. What are the prime factors of -1 + (-4404)/(-15) - 15/x?
2, 73
Let n(g) = g**2 - 10*g - 66. Let l be n(15). List the prime factors of 222 - ((-9)/l - -7).
2, 3
Suppose -1930 = 2*t + 1582. Let p = t - -3150. What are the prime factors of p?
2, 17, 41
Suppose -8 = 4*q - 3*q. Let s(w) be the second derivative of -w**3/6 + 15*w**2/2 - 408*w. What are the prime factors of s(q)?
23
Let z(a) = 2*a**2 + 6*a + 37. Let f be z(11). Suppose -2*p + f = 5*o, -3*p + 3*o - 4*o + 498 = 0. What are the prime factors of p?
3, 5, 11
Let f = -3125 + 5392. Suppose 7*u - f = -167. What are the prime factors of u?
2, 3, 5
Let h = 1315 + -626. Suppose -n - h = -2*a, 181 = a + 4*n - 141. List the prime factors of a.
2, 3, 19
Suppose 0 = 4*z - 5*t - 2217, 3*z - 2*t - 1957 = -296. List the prime factors of z.
7, 79
Let c be (-28)/(-70) + 73/5. Suppose -12*m = -5*a - c*m + 72, -2*a + m = -31. Suppose 7*l = 2*l + a. What are the prime factors of l?
3
Let y = -70974 + 156634. List the prime factors of y.
2, 5, 4283
Let l(j) = 116*j**3 - 6*j**2 - 10*j - 11. Let i(p) = -115*p**3 + 7*p**2 + 10*p + 9. Let o(a) = -6*i(a) - 7*l(a). List the prime factors of o(-2).
11, 89
Let m(z) = -z**2 - 11*z + 2. Let c be 2 + (0 - 10) - (3 - 0). Let i be m(c). What are the prime factors of 220 + i/3*3?
2, 3, 37
Suppose -6*c + 9 = -3. Let q be (8/4 - 4)/(c/(-3)). What are the prime factors of (-96)/(q - (-18)/(-4))?
2
Suppose -l - 38*k = -42*k - 31340, 0 = -4*l + 4*k + 125264. What are the prime factors of l?
2, 3, 2609
Let w be (-1)/((-3)/(-9)) + 28 + -3. Let u = 45 - w. Let s = 50 - u. What are the prime factors of s?
3
Suppose -3*y + 1 = -2*y, 0 = -5*q - 3*y + 238. Suppose -52*d = -q*d - 610. List the prime factors of d.
2, 61
Suppose -8922 = -4*i - u + 9500, -4*u + 8 = 0. What are the prime factors of i?
3, 5, 307
Suppose 3*q = -14*r + 16*r - 31461, -3*r = -2*q - 47209. List the prime factors of r.
3, 11, 53
Suppose m + 88 - 635 = -2*y, 4*y + 2176 = 4*m. Let l = -121 + m. What are the prime factors of l?
2, 53
Suppose 103 = 5*z + 8. Let t be (1 - 10)*z + -4. What are the prime factors of (4*2/10)/((-5)/t)?
2, 7
Suppose 4*m - j = 1143, 3*m - 7*m = 2*j - 1146. Let t = m - -177. List the prime factors of t.
463
Let y be 62/10 + (-43)/215. Suppose 5*i + 562 = x, x - 8*i = -y*i + 547. What are the prime factors of x?
3, 179
Let h = 22 + -22. Suppose h*x + 5*g + 50 = -5*x, 4*x - 2*g + 70 = 0. List the prime factors of (x/(-12))/(4/16).
5
Suppose -54*b - 483 = -105. List the prime factors of (-653793)/(-955) + (b/(-5) - 1).
5, 137
Let y = -9736 - -16481. List the prime factors of y.
5, 19, 71
Suppose -20*q + 125565 + 527895 = 0. List the prime factors of q.
3, 10891
Let b(w) = -w**3 - 9*w**2 - 7*w + 2. Let x be b(-8). Let p be (-27)/x*(-34)/(-3). Let c = p + 18. List the prime factors of c.
3, 23
Suppose -14*p - 25*p + 486674 + 33742 = 0. List the prime factors of p.
2, 3, 139
What are the prime factors of (-3)/(11/((-264407)/39))?
43
Suppose 10*x - 16*x = -24. Suppose -8*c = -10*c. Suppose 0 = -2*r + 3*k + 19, -x*k - 32 = -4*r - c*k. List the prime factors of r.
5
Let k be 15309/18*(-1 + 3). Suppose -k = -4*j + 875. What are the prime factors of j?
2, 7, 23
Let g = 19887 - -1074. What are the prime factors of g?
3, 17, 137
Suppose 0 = -2*w + 274 + 334. Suppose -4*v + 612 = 2*t, 13*t - 14*t - v + w = 0. What are the prime factors of t?
2, 151
Let j(a) = 154*a**2 - 265*a - 83. What are the prime factors of j(15)?
2, 239
Suppose 0 = -85*b + 83*b + 12. List the prime factors of 9*b/(-9) - -167.
7, 23
Suppose -25*v + 10780 + 1220 = 0. Suppose 5*d - 9 = -29, -n = 2*d - v. List the prime factors of n.
2, 61
Suppose -a + 3*o = -o + 19, -3*a - 2*o = 85. Suppose 5*c = -48 - 232. Let x = a - c. What are the prime factors of x?
29
Let f(a) be the second derivative of a**4/8 + 9*a**3/2 + 5*a**2 + 14*a. Let n(m) be the first derivative of f(m). List the prime factors of n(13).
2, 3, 11
Let a = 117980 + -74196. List the prime factors of a.
2, 13, 421
Let f(t) = -4*t + 96. Let y be f(6). What are the prime factors of (-2)/(-3) - (-65832)/y?
3, 5, 61
Let r = 33329 + -12129. What are the prime factors of r?
2, 5, 53
Suppose 0 = -l + 3*l - 4*y, -4 = -2*y. Let q be 0 - ((l - 323) + 1). List the prime factors of (1/3)/(2/q).
53
Suppose 33*d + 7*d = 800. What are the prime factors of (7605/(-30))/((-3)/d)?
2, 5, 13
Let g = -383 - -239. Suppose 6*o - 9 = 3*o. List the prime factors of (7 + g)/((-3)/o).
137
Let i = 68 + -50. Suppose -16*k = -i*k + 4*g + 334, 3*k - 525 = -2*g. What are the prime factors of k?
173
Let t(d) = -463*d - 131. List the prime factors of t(-3).
2, 17, 37
Let t(p) = 12415*p**2 - 70*p - 168. List the prime factors of t(-2).
2, 3, 11, 47
Let a be (185/(-3))/(2/6). Suppose -3*s = -0*s + 9, -5*k + 1960 = 5*s. Let g = a + k. What are the prime factors of g?
2, 3, 5, 7
Let v = 100 + -821. Let z = v + 797. List the prime factors of z.
2, 19
Suppose -1147*o + 582*o = -575*o + 424040. List the prime factors of o.
2, 10601
Suppose 11*n + 1350 = -14*n. List the prime factors of (59 + -30)/((-2)/n).
3, 29
Let p(n) = 9*n + 32. Let d be p(-12). Let o = 121 - d. List the prime factors of o.
197
Let o be (-5 + (-54)/9)*2. Let k(x) = -x**3 - 19*x**2 - 24*x - 159. List the prime